 3*g + 15 = 0, 3*g + 1 = -14. Suppose m = y + 5*q + 51, y - 3*q = 3*y + 95. What are the prime factors of ((-3699)/5)/(-3) - y/115?
13, 19
Let q(v) = -6*v + 30. Let l be q(5). Let g be 4/(-10) + l - (-1827)/5. Let z = g - 201. List the prime factors of z.
2, 41
Suppose -4*i + 4*l = -20685 + 4301, -l - 2 = 0. What are the prime factors of i?
2, 23, 89
Suppose 2*a = 5*v - 81335, v + 457*a = 453*a + 16245. List the prime factors of v.
5, 3253
Suppose 2*p - 2*s = 26628, 2*p + 3*s - 2672 = 23946. List the prime factors of p.
2, 13
Suppose 21*m + 14*m + 43*m = 606606. List the prime factors of m.
7, 11, 101
Suppose -4*k + 8*k - 2*j = 8, -1 = -3*k - j. Let x be (-81)/(-12)*(11/(-3) + k). Let s = x - -56. What are the prime factors of s?
2, 19
Let c(q) = 372*q - 1. Let k be c(1). Let f = 629 - k. Suppose f = w + 2*w. What are the prime factors of w?
2, 43
List the prime factors of 1202/((13 - 19) + 168/27).
3, 601
Let z(d) = -95*d - 10. Let w be z(-8). Suppose -3*p + w = 105. Suppose -11*g - p = -16*g. What are the prime factors of g?
43
Let x(t) = -t**3 - 18*t**2 - 12*t + 124. List the prime factors of x(-22).
2, 7, 83
Suppose -t = i - 16496, -2*i + 30749 + 2261 = -t. What are the prime factors of i?
2, 37, 223
Let s = 10149 + 10921. List the prime factors of s.
2, 5, 7, 43
Suppose -a + r - 1 = 0, -a - 2 = r - 7. Suppose 90 = a*d + 4*d. Suppose -d = -g + 1. What are the prime factors of g?
2
Let n(g) = 10*g**2 + 3*g + 2. Let r be n(-1). Let b(k) = k - 4. Let t be b(r). Suppose 0 = -0*d + d + 4, d = t*y - 64. What are the prime factors of y?
2, 3
Let s be 11524 + 0/(-2) + -2. Let k be (-2)/5 - 19266/(-390). What are the prime factors of s/k - 1/7?
5, 47
Let o(u) be the second derivative of 3/2*u**3 + 4*u**2 + 11*u + 0. List the prime factors of o(4).
2, 11
Suppose 0 = y - 1, -2*i - 3*y + 4791 + 4584 = 0. Suppose 10*f + f - i = 0. List the prime factors of f.
2, 3, 71
List the prime factors of (-2 - -10223)/((-394)/(-1773) - (-2)/18).
3, 3407
Let i(o) = -o**3 + 11*o**2 + 6*o + 6. Let j be i(12). What are the prime factors of (506/j)/(1/(-180))?
2, 3, 5, 23
Let h(n) be the third derivative of -17*n**4/8 - 3*n**3/2 + n**2 + 1. List the prime factors of h(-5).
2, 3, 41
Let o(c) = 2*c**2 - 15*c + 6. Suppose -4*z + 0*z - 5*q = -38, -3*z + 23 = q. Let p be o(z). What are the prime factors of ((-6)/(-8))/(p + (-138)/(-136))?
3, 17
Suppose 0 = 2*f - 2*c - 106102, 40*f - 35*f - 265273 = -c. What are the prime factors of f?
2, 41, 647
Suppose -m - 6*v + 761 = -10*v, -2*v = 3*m - 2227. Suppose 2*z + 3725 = 5*d, d - z - m = 2*z. What are the prime factors of d?
5, 149
Let n(v) = -4*v**3 + 252*v**2 + 100*v - 103. What are the prime factors of n(62)?
109, 197
Let s(l) = 88*l + 65. Let b be s(3). Let f = b - 81. What are the prime factors of f?
2, 31
What are the prime factors of -6 - (25 - 5664 - (-7 - 3))?
5623
Suppose 4*u - 3*r = 529, -2*u + r + 0*r + 263 = 0. Suppose -s = -2*p - u, -2*s - 4*p + 154 = -s. What are the prime factors of s?
2, 3, 23
Suppose -x = -5*h - 28681, 0 = 1760*x - 1764*x - h + 114829. What are the prime factors of x?
2, 31, 463
Suppose -18*n = -30*n - 1524. What are the prime factors of n*7/(-1) - (3 - 0)?
2, 443
Let c(w) = 5*w**2 - 61*w - 127. List the prime factors of c(26).
1667
Let t(v) = -v**2 + 24*v - 65. Let j be t(20). Suppose 4*y - j = -7. Suppose y*s = -6*s + 800. List the prime factors of s.
2, 5
Let y(p) = 5*p**3 - 2*p + 6*p**3 - 10*p**3 - 2*p + 2*p**2 - 3. Let h be y(-2). Suppose -h*f = 167 - 747. What are the prime factors of f?
2, 29
Let k = 6976 + 775. List the prime factors of k.
23, 337
Suppose -h + 4*s = -13, 5*s + 9 = h - 6. Suppose 2*z - 4 = 0, -459 + 1349 = 5*n + h*z. Let q = n + -56. What are the prime factors of q?
2, 3, 5
Suppose -w + 2 = -3*h, h = -4*w + 3 - 8. List the prime factors of (194/(-4))/(-4*w/(-8)).
97
Let j(r) = -2*r - 24. Let d be j(-9). Let q be (-82)/d - 3/(-9). Suppose -222 = 11*k - q*k. List the prime factors of k.
2, 37
Suppose 7 = d + 4*y + 19, 0 = -5*d - y - 3. Suppose d = -7*c - 10*c + 1598. List the prime factors of c.
2, 47
Let c = -105 - -62. Let m = -41 - c. Suppose m*w - 1 = 57. List the prime factors of w.
29
Let r = 313 + 2215. Suppose 0 = -15*s + 217 + r. What are the prime factors of s?
3, 61
Let y = -532 + 570. Let t(u) = u**2 - 18*u + 80. What are the prime factors of t(y)?
2, 3, 5, 7
Suppose 2*v = 6*o - 8*o - 16, 3*o + 6 = 0. Let f(t) = 16*t**2 + 2*t - 42. List the prime factors of f(v).
2, 3, 29
Let h = -2466 - -3672. Suppose -1338 = -4*p + h. Suppose 4*g - p + 232 = 3*q, 5*g - 504 = 4*q. What are the prime factors of g?
2, 13
Let d be (17/3)/((-1)/66). Let b = -154 - d. List the prime factors of b.
2, 5, 11
Suppose 5*a - 3*h = 2*h + 45, 2*a - 3*h - 23 = 0. Let y(f) = -4*f**2 + 9*f + 2. Let v be y(a). List the prime factors of ((-10 - -4) + 4)*v.
2, 13
Suppose -4*g = -56 - 124. Let x = g - 42. What are the prime factors of 69*(-2)/(-18)*x?
23
Let w(o) = -13 - 4*o + 3*o + 14*o**2 + 0*o - o. List the prime factors of w(-6).
503
Let m be -4 + (15 - 3) - 4. Suppose 4*h - 128 = -m*h. What are the prime factors of h?
2
Let k be ((-135)/45)/(3/(-2)*-1). List the prime factors of (-5 - 0 - k)*(-244 - -1).
3
Suppose 9*r - 17*r + 11536 = 0. Let a = -831 + r. List the prime factors of a.
13, 47
What are the prime factors of (9 + (-442)/51)/(3/755046)?
2, 41947
Suppose -237598 - 285518 = -132*z. What are the prime factors of z?
3, 1321
Let j be (-2)/(-1) - (5 + -4). Let g be (2 + (-2 - j/3))*-9. List the prime factors of g/9*57 + 3.
2, 11
Let f be (-3)/(-1) - (-1 + 1). Suppose -5*n + x = 6*x + 215, 0 = -f*n + 2*x - 129. Let p = n - -116. List the prime factors of p.
73
Let d(a) = -25*a**2 - 3*a + 1. Let m(r) = 74*r**2 + 8*r - 2. Let c(x) = 17*d(x) + 6*m(x). Let y be c(1). Suppose y*s = 28*s - 413. List the prime factors of s.
59
List the prime factors of -34 - -39 - 124/8*-106.
2, 103
Suppose -4*a = 3*i + 22, 5*i - 9*a + 8*a + 6 = 0. List the prime factors of 5/15*(-3 - i)*-465.
5, 31
Suppose -3*t = -t - 5*x + 5, 0 = 5*t + 5*x - 5. Suppose t = -5*v - 2 - 63. Let o(g) = -4*g - 7. What are the prime factors of o(v)?
3, 5
Let d(g) = -g**3 + 14*g**2 - 12*g + 35. Let t be d(13). Suppose 0 = 3*h - 2*b - 308, t = -4*h - 4*b + 492. List the prime factors of h.
2, 53
Let j = -53 + 74. Suppose 6*b - 3 = j. Suppose -817 = -5*l - 4*v - 42, b*v = 0. What are the prime factors of l?
5, 31
List the prime factors of (-29 - (2 - 1))*(-264870)/540.
3, 5, 109
Let j = -46634 - -104293. List the prime factors of j.
7, 8237
Let p(l) = 73*l**2 - 6*l + 27. Let y(z) = 2*z**2 + 30*z + 3. Let d be y(-15). List the prime factors of p(d).
2, 3, 37
Suppose -32*j + 650430 = 26*j - 4*j. What are the prime factors of j?
3, 5, 11, 73
Let z = -7838 - -13560. List the prime factors of z.
2, 2861
Suppose z + 27 = 10*z. Let m = -8 + 10. Suppose z*d + n - 84 = 0, -n = -m*d + 3*d - 28. What are the prime factors of d?
2, 7
Suppose -71733 = -5*j + 4*q - 0*q, 6 = 2*q. What are the prime factors of j?
3, 4783
Let n be (-15)/(-60) - 205/4. Let s be (-16)/(-104) + (-6)/39*n. Suppose -s*f = -238 - 410. What are the prime factors of f?
3
Suppose 5*y - 41941 = -2*g + 658, -g - 4*y + 21307 = 0. Suppose 1451 = -18*n + g. List the prime factors of n.
2, 19, 29
Suppose -68*i + 20 = -64*i. Let w be 9*(4/(-6) + 1). Suppose w*f + 90 = k, -k - 450 = -6*k + i*f. List the prime factors of k.
2, 3, 5
Let k = 26559 - 43408. What are the prime factors of k/(-29) + 6 + -1?
2, 293
Let a = -141253 + 201859. List the prime factors of a.
2, 3, 7, 13, 37
Let u(l) = 698*l**2 + 34*l + 148. What are the prime factors of u(-9)?
2, 5, 2819
Suppose 0 = -2*c - 411 + 4671. Suppose 21*u - 15*u = c. What are the prime factors of u?
5, 71
Suppose -u + 3*u + 5*j = -193, 5*j = 15. Let n = 164 + u. Suppose -n = -d - 2*b, 0*b - 284 = -5*d - 2*b. What are the prime factors of d?
2, 7
Let d(z) = 178*z + 22. Let n(l) = 59*l + 7. Let a(o) = -4*d(o) + 11*n(o). Let h(s) = -16*s - 3. Let u(p) = 2*a(p) - 9*h(p). What are the prime factors of u(2)?
41
Suppose 3*t + 97026 = 4*d, 17*t = -2*d + 16*t + 48518. List the prime factors of d.
2, 3, 13, 311
Let k(p) = p**3 - 18*p**2 - 7*p + 5. Let n(o) = 9*o**2 + 4*o - 2. Let b(a) = -2*k(a) - 5*n(a). List the prime factors of b(-7).
7, 41
